{"id":61,"date":"2015-02-24T21:30:38","date_gmt":"2015-02-24T20:30:38","guid":{"rendered":"http:\/\/fanny-poiron-photographe.fr\/?page_id=61"},"modified":"2019-01-25T14:25:25","modified_gmt":"2019-01-25T13:25:25","slug":"acceuil","status":"publish","type":"page","link":"https:\/\/fanny-poiron-photographe.fr\/","title":{"rendered":"QUI SUIS-JE ?"},"content":{"rendered":"<h1><span style=\"font-size: 4.8rem;\">Apprenons \u00e0 nous conna\u00eetre&#8230;<\/span><\/h1>\n<div>\n<p><span style=\"font-weight: 400;\">Bonjour \u00e0 vous qui \u00eates \u00e0 la recherche d\u2019un photographe\u2009! Tout d\u2019abord, je vous remercie de l\u2019int\u00e9r\u00eat que vous portez \u00e0 mon travail. Je me pr\u00e9sente en quelques mots : je suis Fanny Poiron, une <\/span><b>photographe<\/b><span style=\"font-weight: 400;\"> autodidacte et fi\u00e8re de l\u2019\u00eatre ! Je suis bas\u00e9e sur la commune des <\/span><b>Landes-Genusson<\/b><span style=\"font-weight: 400;\"> en <\/span><b>Vend\u00e9e <\/b><span style=\"font-weight: 400;\">(85) \u00e0 30\u00a0minutes de <\/span><b>Cholet<\/b><span style=\"font-weight: 400;\">. Je me d\u00e9place principalement sur le <\/span><b>Maine-et-Loire <\/b><span style=\"font-weight: 400;\">(49), la <\/span><b>Loire-Atlantique <\/b><span style=\"font-weight: 400;\">(44)<\/span> <span style=\"font-weight: 400;\">et les <\/span><b>Deux-S\u00e8vres<\/b><span style=\"font-weight: 400;\"> (79).<\/span><\/p>\n<p>&nbsp;<\/p>\n<h2><span style=\"font-weight: 400;\">Photographe autodidacte<\/span><\/h2>\n<p>&nbsp;<\/p>\n<p><span style=\"font-weight: 400;\">J\u2019aime sortir des sentiers battus. Enfant, je n\u2019ai pas pu acc\u00e9der \u00e0 un parcours scolaire classique, c\u2019est donc \u00e0 force de d\u00e9termination et de pers\u00e9v\u00e9rance que j\u2019ai pu r\u00e9aliser mon r\u00eave : devenir photographe. J\u2019ai appris le m\u00e9tier par mes propres moyens. Avec le recul, je consid\u00e8re ce parcours atypique comme une force car je suis compl\u00e8tement libre et affranchie de toute barri\u00e8re. J\u2019ai pioch\u00e9 \u00e7\u00e0 et l\u00e0 les conseils techniques dont j\u2019avais besoin au fil de l\u2019\u00e9volution de ma carri\u00e8re photographique. <\/span><\/p>\n<p><span style=\"font-weight: 400;\">Je tiens d\u2019ailleurs \u00e0 remercier mes mod\u00e8les-cobayes-premiers-fans : mes deux bouts de chou que j\u2019aime tendrement.<\/span><\/p>\n<p>&nbsp;<\/p>\n<h2><span style=\"font-weight: 400;\">Inspir\u00e9e<\/span><\/h2>\n<p>&nbsp;<\/p>\n<p><span style=\"font-weight: 400;\">L\u2019\u00e9motionnel occupe une grande place dans ma mani\u00e8re de photographier. Je privil\u00e9gie la beaut\u00e9 de l\u2019instant \u00e0 la pose fig\u00e9e notamment pour les <\/span><a href=\"http:\/\/fanny-poiron-photographe.fr\/?page_id=24\"><span style=\"font-weight: 400;\">portraits<\/span><\/a><span style=\"font-weight: 400;\">. Une seconde de surprise, un sourire fugace, un regard complice, un rayon de soleil dans la chevelure&#8230; c\u2019est ce qui, pour moi, donne toute son \u00e2me au clich\u00e9. Une photo parfaite techniquement, mais sans \u00e9motion, c\u2019est comme un voyage sans aventure\u00a0: \u00e7a manque de sel, vous ne trouvez pas\u2009? <\/span><\/p>\n<p>&nbsp;<\/p>\n<h2><span style=\"font-weight: 400;\">Libre<\/span><\/h2>\n<p>&nbsp;<\/p>\n<p><span style=\"font-weight: 400;\">Vous aurez du mal \u00e0 faire entrer dans une case : j\u2019aime photographier la vie. La vie sous toutes ses formes, dans tout ce qu\u2019elle a de merveilleux, d\u2019intrigant, de lumineux ou de voil\u00e9. Photographies de votre <\/span><a href=\"http:\/\/fanny-poiron-photographe.fr\/?page_id=11\"><span style=\"font-weight: 400;\">mariage<\/span><\/a><span style=\"font-weight: 400;\">, de votre grossesse, de la naissance de votre p\u2019tit dernier, de votre famille au complet, de vos enfants, de vous, \u00a0seul ou en couple, que vous soyez anonyme ou artiste, en ext\u00e9rieur, chez vous ou <\/span><a href=\"http:\/\/fanny-poiron-photographe.fr\/galerie\/albums\/sur-scene\/\"><span style=\"font-weight: 400;\">sur sc\u00e8ne <\/span><\/a><span style=\"font-weight: 400;\">: tous ces moments de vie me font vibrer et c\u2019est ce que j\u2019aime transmettre dans mes photographies.<\/span><\/p>\n<p>&nbsp;<\/p>\n<h2><span style=\"font-weight: 400;\">Authentique<\/span><\/h2>\n<p>&nbsp;<\/p>\n<p><span style=\"font-weight: 400;\">Je suis une femme qui aime le<\/span> <span style=\"font-weight: 400;\">naturel et la convivialit\u00e9. Il me tient \u00e0 c\u0153ur que vous soyez \u00e0 l\u2019aise avec moi et que vous vous sentiez libres d\u2019\u00eatre vous-m\u00eame devant mon objectif. Je sais que certaines personnes sont stress\u00e9es \u00e0 l\u2019id\u00e9e de se faire photographier\u00a0: pas de complexes \u00e0 avoir avec moi : I\u2019m cool ! <\/span><\/p>\n<p><span style=\"font-weight: 400;\">Si vous avez besoin d\u2019\u00eatre dirig\u00e9 car vous ne savez pas du tout quelle couleur porter, quoi faire avec vos bras, o\u00f9 mettre vos mains\u2026 : pas de panique, je suis l\u00e0 ! Si vous \u00eates pudique et timide, don\u2019t worry : je me ferai petite souris ! Je vous conseille en toute simplicit\u00e9 et avec <\/span><a href=\"http:\/\/fanny-poiron-photographe.fr\/?page_id=423\"><span style=\"font-weight: 400;\">bienveillance<\/span><\/a><span style=\"font-weight: 400;\">.<\/span><\/p>\n<p>&nbsp;<\/p>\n<h2><span style=\"font-weight: 400;\">Et vous, qui \u00eates-vous ? <\/span><\/h2>\n<p>&nbsp;<\/p>\n<p><span style=\"font-weight: 400;\">J\u2019organise toujours une rencontre ou un rendez-vous t\u00e9l\u00e9phonique avant les prises de vue. Cela vous permet de faire ma connaissance et d\u2019exprimer vos go\u00fbts et vos attentes concernant la r\u00e9alisation de votre projet photo.<\/span><\/p>\n<p><span style=\"font-weight: 400;\">N\u2019h\u00e9sitez pas \u00e0 me contacter pour \u00e9changer sur vos besoins, je prendrai le temps de r\u00e9pondre \u00e0 toutes vos questions. Pour d\u00e9couvrir mes actus en exclusivit\u00e9 : <\/span><a href=\"https:\/\/www.facebook.com\/FannyPoironPhotographie\/\"><span style=\"font-weight: 400;\">rejoignez-moi sur Facebook<\/span><\/a><span style=\"font-weight: 400;\"> !<\/span><\/p>\n<p><span style=\"font-weight: 400;\">\u00c0 bient\u00f4t, <\/span><\/p>\n<p><span style=\"font-weight: 400;\">Fanny <\/span><\/p>\n<p>&nbsp;<\/p>\n<pre style=\"text-align: center;\"><strong>CONTACT<\/strong><\/pre>\n<ul>\n<li>Par t\u00e9l\u00e9phone : 06\/26\/46\/05\/13<\/li>\n<li>Par mail : fannypoiron@live.fr<\/li>\n<li>Via facebook :\u00a0<a href=\"https:\/\/www.facebook.com\/FannyPoironPhotographie\">https:\/\/www.facebook.com\/FannyPoironPhotographie<\/a><\/li>\n<\/ul>\n<\/div>\n","protected":false},"excerpt":{"rendered":"<p>Apprenons \u00e0 nous conna\u00eetre&#8230; Bonjour \u00e0 vous qui \u00eates \u00e0 la recherche d\u2019un photographe\u2009! Tout d\u2019abord, je vous remercie de l\u2019int\u00e9r\u00eat que vous portez \u00e0 mon travail. Je me pr\u00e9sente en quelques mots : je suis Fanny Poiron, une photographe autodidacte et fi\u00e8re de l\u2019\u00eatre ! Je suis bas\u00e9e sur la commune des Landes-Genusson en&hellip;<a href=\"https:\/\/fanny-poiron-photographe.fr\/\" class=\"button\">Lire la suite <span class=\"screen-reader-text\">QUI SUIS-JE ?<\/span><\/a><\/p>\n","protected":false},"author":1,"featured_media":444,"parent":0,"menu_order":0,"comment_status":"closed","ping_status":"closed","template":"templates\/fullwidth-page.php","meta":[],"_links":{"self":[{"href":"https:\/\/fanny-poiron-photographe.fr\/index.php?rest_route=\/wp\/v2\/pages\/61"}],"collection":[{"href":"https:\/\/fanny-poiron-photographe.fr\/index.php?rest_route=\/wp\/v2\/pages"}],"about":[{"href":"https:\/\/fanny-poiron-photographe.fr\/index.php?rest_route=\/wp\/v2\/types\/page"}],"author":[{"embeddable":true,"href":"https:\/\/fanny-poiron-photographe.fr\/index.php?rest_route=\/wp\/v2\/users\/1"}],"replies":[{"embeddable":true,"href":"https:\/\/fanny-poiron-photographe.fr\/index.php?rest_route=%2Fwp%2Fv2%2Fcomments&post=61"}],"version-history":[{"count":26,"href":"https:\/\/fanny-poiron-photographe.fr\/index.php?rest_route=\/wp\/v2\/pages\/61\/revisions"}],"predecessor-version":[{"id":451,"href":"https:\/\/fanny-poiron-photographe.fr\/index.php?rest_route=\/wp\/v2\/pages\/61\/revisions\/451"}],"wp:featuredmedia":[{"embeddable":true,"href":"https:\/\/fanny-poiron-photographe.fr\/index.php?rest_route=\/wp\/v2\/media\/444"}],"wp:attachment":[{"href":"https:\/\/fanny-poiron-photographe.fr\/index.php?rest_route=%2Fwp%2Fv2%2Fmedia&parent=61"}],"curies":[{"name":"wp","href":"https:\/\/api.w.org\/{rel}","templated":true}]}}

<h1><span style="font-size: 4.8rem;">Apprenons à nous connaître&#8230;</span></h1>
<div>
<p><span style="font-weight: 400;">Bonjour à vous qui êtes à la recherche d’un photographe ! Tout d’abord, je vous remercie de l’intérêt que vous portez à mon travail. Je me présente en quelques mots : je suis Fanny Poiron, une </span><b>photographe</b><span style="font-weight: 400;"> autodidacte et fière de l’être ! Je suis basée sur la commune des </span><b>Landes-Genusson</b><span style="font-weight: 400;"> en </span><b>Vendée </b><span style="font-weight: 400;">(85) à 30 minutes de </span><b>Cholet</b><span style="font-weight: 400;">. Je me déplace principalement sur le </span><b>Maine-et-Loire </b><span style="font-weight: 400;">(49), la </span><b>Loire-Atlantique </b><span style="font-weight: 400;">(44)</span> <span style="font-weight: 400;">et les </span><b>Deux-Sèvres</b><span style="font-weight: 400;"> (79).</span></p>
<p>&nbsp;</p>
<h2><span style="font-weight: 400;">Photographe autodidacte</span></h2>
<p>&nbsp;</p>
<p><span style="font-weight: 400;">J’aime sortir des sentiers battus. Enfant, je n’ai pas pu accéder à un parcours scolaire classique, c’est donc à force de détermination et de persévérance que j’ai pu réaliser mon rêve : devenir photographe. J’ai appris le métier par mes propres moyens. Avec le recul, je considère ce parcours atypique comme une force car je suis complètement libre et affranchie de toute barrière. J’ai pioché çà et là les conseils techniques dont j’avais besoin au fil de l’évolution de ma carrière photographique. </span></p>
<p><span style="font-weight: 400;">Je tiens d’ailleurs à remercier mes modèles-cobayes-premiers-fans : mes deux bouts de chou que j’aime tendrement.</span></p>
<p>&nbsp;</p>
<h2><span style="font-weight: 400;">Inspirée</span></h2>
<p>&nbsp;</p>
<p><span style="font-weight: 400;">L’émotionnel occupe une grande place dans ma manière de photographier. Je privilégie la beauté de l’instant à la pose figée notamment pour les </span><a href="http://fanny-poiron-photographe.fr/?page_id=24"><span style="font-weight: 400;">portraits</span></a><span style="font-weight: 400;">. Une seconde de surprise, un sourire fugace, un regard complice, un rayon de soleil dans la chevelure&#8230; c’est ce qui, pour moi, donne toute son âme au cliché. Une photo parfaite techniquement, mais sans émotion, c’est comme un voyage sans aventure : ça manque de sel, vous ne trouvez pas ? </span></p>
<p>&nbsp;</p>
<h2><span style="font-weight: 400;">Libre</span></h2>
<p>&nbsp;</p>
<p><span style="font-weight: 400;">Vous aurez du mal à faire entrer dans une case : j’aime photographier la vie. La vie sous toutes ses formes, dans tout ce qu’elle a de merveilleux, d’intrigant, de lumineux ou de voilé. Photographies de votre </span><a href="http://fanny-poiron-photographe.fr/?page_id=11"><span style="font-weight: 400;">mariage</span></a><span style="font-weight: 400;">, de votre grossesse, de la naissance de votre p’tit dernier, de votre famille au complet, de vos enfants, de vous,  seul ou en couple, que vous soyez anonyme ou artiste, en extérieur, chez vous ou </span><a href="http://fanny-poiron-photographe.fr/galerie/albums/sur-scene/"><span style="font-weight: 400;">sur scène </span></a><span style="font-weight: 400;">: tous ces moments de vie me font vibrer et c’est ce que j’aime transmettre dans mes photographies.</span></p>
<p>&nbsp;</p>
<h2><span style="font-weight: 400;">Authentique</span></h2>
<p>&nbsp;</p>
<p><span style="font-weight: 400;">Je suis une femme qui aime le</span> <span style="font-weight: 400;">naturel et la convivialité. Il me tient à cœur que vous soyez à l’aise avec moi et que vous vous sentiez libres d’être vous-même devant mon objectif. Je sais que certaines personnes sont stressées à l’idée de se faire photographier : pas de complexes à avoir avec moi : I’m cool ! </span></p>
<p><span style="font-weight: 400;">Si vous avez besoin d’être dirigé car vous ne savez pas du tout quelle couleur porter, quoi faire avec vos bras, où mettre vos mains… : pas de panique, je suis là ! Si vous êtes pudique et timide, don’t worry : je me ferai petite souris ! Je vous conseille en toute simplicité et avec </span><a href="http://fanny-poiron-photographe.fr/?page_id=423"><span style="font-weight: 400;">bienveillance</span></a><span style="font-weight: 400;">.</span></p>
<p>&nbsp;</p>
<h2><span style="font-weight: 400;">Et vous, qui êtes-vous ? </span></h2>
<p>&nbsp;</p>
<p><span style="font-weight: 400;">J’organise toujours une rencontre ou un rendez-vous téléphonique avant les prises de vue. Cela vous permet de faire ma connaissance et d’exprimer vos goûts et vos attentes concernant la réalisation de votre projet photo.</span></p>
<p><span style="font-weight: 400;">N’hésitez pas à me contacter pour échanger sur vos besoins, je prendrai le temps de répondre à toutes vos questions. Pour découvrir mes actus en exclusivité : </span><a href="https://www.facebook.com/FannyPoironPhotographie/"><span style="font-weight: 400;">rejoignez-moi sur Facebook</span></a><span style="font-weight: 400;"> !</span></p>
<p><span style="font-weight: 400;">À bientôt, </span></p>
<p><span style="font-weight: 400;">Fanny </span></p>
<p>&nbsp;</p>
<pre style="text-align: center;"><strong>CONTACT</strong></pre>
<ul>
<li>Par téléphone : 06/26/46/05/13</li>
<li>Par mail : fannypoiron@live.fr</li>
<li>Via facebook : <a href="https://www.facebook.com/FannyPoironPhotographie">https://www.facebook.com/FannyPoironPhotographie</a></li>
</ul>
</div>

<p>Apprenons à nous connaître&#8230; Bonjour à vous qui êtes à la recherche d’un photographe ! Tout d’abord, je vous remercie de l’intérêt que vous portez à mon travail. Je me présente en quelques mots : je suis Fanny Poiron, une photographe autodidacte et fière de l’être ! Je suis basée sur la commune des Landes-Genusson en&hellip;<a href="https://fanny-poiron-photographe.fr/" class="button">Lire la suite <span class="screen-reader-text">QUI SUIS-JE ?</span></a></p>
